the prime factors of 289206870?
2, 3, 5, 2551, 3779
List the prime factors of 129701526.
2, 3, 21616921
List the prime factors of 164544405.
3, 5, 29, 293, 1291
What are the prime factors of 13414108?
2, 43, 167, 467
List the prime factors of 233849029.
193, 1211653
What are the prime factors of 4042939159?
7, 17351, 33287
List the prime factors of 331213734.
2, 3, 31, 593573
What are the prime factors of 98899810?
2, 5, 9889981
What are the prime factors of 217268400?
2, 3, 5, 331, 547
List the prime factors of 214104358.
2, 13, 17, 149, 3251
What are the prime factors of 40354446?
2, 3, 11, 137, 4463
What are the prime factors of 9152963?
41, 223243
List the prime factors of 28654113.
3, 23, 263, 1579
List the prime factors of 387315335.
5, 11, 17, 414241
What are the prime factors of 659655973?
3499, 188527
What are the prime factors of 1932218077?
1932218077
What are the prime factors of 222134620?
2, 5, 73, 152147
What are the prime factors of 39997100?
2, 5, 11, 13, 2797
List the prime factors of 1473727464.
2, 3, 11, 37, 50291
List the prime factors of 1902716627.
7, 7151, 38011
List the prime factors of 188960585.
5, 11, 347, 9901
List the prime factors of 475145569.
23, 20658503
List the prime factors of 78312118.
2, 39156059
What are the prime factors of 531885049?
3769, 141121
List the prime factors of 1045314834.
2, 3, 174219139
List the prime factors of 1692142243.
11, 17, 59, 153371
What are the prime factors of 2870943524?
2, 239, 3003079
What are the prime factors of 124809602?
2, 62404801
List the prime factors of 1404176822.
2, 702088411
What are the prime factors of 188121518?
2, 13, 733, 9871
What are the prime factors of 1048848297?
3, 7, 359, 139123
What are the prime factors of 2983777?
2983777
List the prime factors of 627291291.
3, 11, 283, 67169
What are the prime factors of 6773273469?
3, 752585941
List the prime factors of 1743031603.
1743031603
List the prime factors of 27622574.
2, 7, 89, 3167
What are the prime factors of 51419858?
2, 7, 23, 53, 131
List the prime factors of 10399017.
3, 547, 6337
List the prime factors of 8478021533.
17, 41, 12163589
List the prime factors of 212809906.
2, 193, 551321
List the prime factors of 84430961.
53, 1593037
What are the prime factors of 2909207206?
2, 53, 3163, 8677
List the prime factors of 9549224.
2, 1193653
What are the prime factors of 2061549341?
2061549341
List the prime factors of 37190348.
2, 13, 47, 15217
List the prime factors of 403055735.
5, 80611147
What are the prime factors of 3270911253?
3, 5801, 187951
What are the prime factors of 47151715?
5, 13, 53, 13687
What are the prime factors of 1523732224?
2, 7, 37, 67
What are the prime factors of 14154433?
2221, 6373
What are the prime factors of 2592135440?
2, 5, 32401693
List the prime factors of 100472360.
2, 5, 2511809
What are the prime factors of 132749096?
2, 16593637
List the prime factors of 39899235.
3, 5, 2659949
What are the prime factors of 1388146?
2, 409, 1697
What are the prime factors of 90057337?
163, 569, 971
What are the prime factors of 4769078?
2, 17, 37, 223
What are the prime factors of 28619124?
2, 3, 167, 14281
List the prime factors of 1686767845.
5, 7, 19, 1559, 1627
List the prime factors of 28272667.
28272667
List the prime factors of 328767704.
2, 23, 1786781
List the prime factors of 35201057.
79, 445583
List the prime factors of 1948552966.
2, 181, 1667, 3229
List the prime factors of 53183558.
2, 26591779
List the prime factors of 724049278.
2, 17, 1361, 15647
List the prime factors of 710754922.
2, 355377461
List the prime factors of 195715277.
109, 457, 3929
List the prime factors of 3565778517.
3, 7, 641, 9811
List the prime factors of 182244806.
2, 2677, 34039
What are the prime factors of 48075775?
5, 11, 174821
List the prime factors of 1532398862.
2, 41, 439, 42569
List the prime factors of 483649159.
7, 9870391
What are the prime factors of 49264007?
13, 291503
List the prime factors of 635769363.
3, 1423, 148927
What are the prime factors of 85676702?
2, 17, 23, 331
What are the prime factors of 66420523?
13, 19, 268909
List the prime factors of 1063308760.
2, 5, 41, 67, 9677
List the prime factors of 901232433.
3, 239, 139661
List the prime factors of 6585042902.
2, 317, 10386503
What are the prime factors of 774065369?
7, 11, 17, 591341
List the prime factors of 402714688.
2, 6292417
What are the prime factors of 47410722?
2, 3, 17, 154937
List the prime factors of 318324695.
5, 13, 223, 21961
What are the prime factors of 930264776?
2, 7, 19, 797, 1097
List the prime factors of 32594710.
2, 5, 3259471
List the prime factors of 2397013118.
2, 1789, 669931
List the prime factors of 416987242.
2, 7, 73, 408011
What are the prime factors of 768156499?
11, 69832409
What are the prime factors of 377980746?
2, 3, 11, 13, 440537
What are the prime factors of 580673229?
3, 83, 263, 8867
What are the prime factors of 5619844?
2, 1404961
What are the prime factors of 1625426041?
19, 4861, 17599
List the prime factors of 2319699186.
2, 3, 7, 31, 401, 1481
List the prime factors of 3045301625.
5, 24362413
List the prime factors of 169775539.
6871, 24709
List the prime factors of 56122835.
5, 211, 53197
What are the prime factors of 165404507?
103, 1605869
List the prime factors of 1552957808.
2, 587, 165349
List the prime factors of 3297717.
3, 23, 89, 179
What are the prime factors of 129034024?
2, 7, 2304179
List the prime factors of 299092660.
2, 5, 29, 515677
List the prime factors of 168016891.
7, 2251, 10663
List the prime factors of 3441082805.
5, 71, 2917, 3323
List the prime factors of 1445298664.
2, 180662333
What are the prime factors of 53339680?
2, 5, 389, 857
List the prime factors of 4779547984.
2, 2633, 113453
What are the prime factors of 6103153998?
2, 3, 3163, 107197
What are the prime factors of 51666093?
3, 211, 3023
List the prime factors of 1163127848.
2, 23, 1613, 3919
List the prime factors of 1734953118.
2, 3, 19, 15218887
What are the prime factors of 3090637726?
2, 11, 223, 401, 1571
What are the prime factors of 1113389146?
2, 227, 2452399
List the prime factors of 2356988848.
2, 23, 83, 77167
List the prime factors of 98617286.
2, 49308643
List the prime factors of 1071770350.
2, 5, 7, 3062201
What are the prime factors of 551596272?
2, 3, 2089, 5501
What are the prime factors of 2470786427?
2470786427
List the prime factors of 439663254.
2, 3, 41, 1787249
What are the prime factors of 3004297524?
2, 3, 859, 97151
List the prime factors of 559550126.
2, 97, 2884279
What are the prime factors of 852054671?
13, 17, 233, 16547
What are the prime factors of 54320336?
2, 7, 53, 9151
List the prime factors of 38840962.
2, 3433, 5657
List the prime factors of 126225552.
2, 3, 31, 41, 2069
What are the prime factors of 260662751?
17, 1669, 9187
What are the prime factors of 70955896?
2, 11, 806317
What are the prime factors of 4527701357?
29, 156127633
What are the prime factors of 90837247?
90837247
What are the prime factors of 156147712?
2, 7, 389
What are the prime factors of 685374340?
2, 5, 7, 269, 18199
List the prime factors of 73772947.
73772947
List the prime factors of 95097377.
109, 872453
What are the prime factors of 60524720?
2, 5, 47, 16097
What are the prime factors of 687528308?
2, 73, 211, 11159
List the prime factors of 132747832.
2, 7, 17, 19, 41, 179
List the prime factors of 3427894517.
9901, 346217
What are the prime factors of 75264682?
2, 5501, 6841
List the prime factors of 462561522.
2, 3, 5381, 14327
What are the prime factors of 23093060?
2, 5, 1154653
What are the prime factors of 27725426?
2, 13862713
What are the prime factors of 79878590?
2, 5, 11, 726169
List the prime factors of 80819942.
2, 7, 1489, 3877
List the prime factors of 236891748.
2, 3, 853, 23143
List the prime factors of 159861677.
159861677
List the prime factors of 85489483.
157, 491, 1109
What are the prime factors of 41110052?
2, 29, 151, 2347
List the prime factors of 3325800716.
2, 7, 1543, 1571
List the prime factors of 246043253.
149, 1651297
List the prime factors of 1636159590.
2, 3, 5, 13, 1398427
What are the prime factors of 53073861?
3, 1283, 13789
List the prime factors of 89276716.
2, 22319179
List the prime factors of 47705394.
2, 3, 